remainder when 9447089 is divided by 910.
379
Calculate the remainder when 213809731 is divided by 14.
9
Calculate the remainder when 3486200 is divided by 871532.
72
What is the remainder when 8151654 is divided by 433?
429
Calculate the remainder when 6671258 is divided by 153.
152
Calculate the remainder when 5546483 is divided by 61.
58
What is the remainder when 34475 is divided by 6695?
1000
Calculate the remainder when 27812 is divided by 13562.
688
What is the remainder when 2471715 is divided by 4099?
18
What is the remainder when 14672760 is divided by 956?
72
Calculate the remainder when 65400537 is divided by 628.
617
Calculate the remainder when 715569 is divided by 4417.
15
Calculate the remainder when 14907086 is divided by 9417.
9392
What is the remainder when 5057001 is divided by 3902?
9
What is the remainder when 74441 is divided by 2692?
1757
What is the remainder when 167155 is divided by 2405?
1210
What is the remainder when 33341 is divided by 33275?
66
Calculate the remainder when 23808231 is divided by 60274.
1
Calculate the remainder when 764537 is divided by 382231.
75
What is the remainder when 3504898 is divided by 15?
13
What is the remainder when 1365782 is divided by 32?
22
Calculate the remainder when 3589109 is divided by 126.
125
What is the remainder when 22115164 is divided by 232?
228
What is the remainder when 5942402 is divided by 18?
8
Calculate the remainder when 1021868516 is divided by 6.
2
What is the remainder when 308444680 is divided by 7906?
7902
What is the remainder when 23923565 is divided by 4784710?
15
What is the remainder when 2015546 is divided by 7276?
94
Calculate the remainder when 673311 is divided by 248.
239
What is the remainder when 27169722 is divided by 263?
244
Calculate the remainder when 207720 is divided by 103850.
20
What is the remainder when 60255 is divided by 15021?
171
Calculate the remainder when 2211849 is divided by 174.
135
Calculate the remainder when 81250 is divided by 966.
106
Calculate the remainder when 1262591 is divided by 41.
37
What is the remainder when 3768082 is divided by 376800?
82
What is the remainder when 649941 is divided by 19694?
39
Calculate the remainder when 5234465 is divided by 21.
5
What is the remainder when 12433960 is divided by 51380?
0
What is the remainder when 46451416 is divided by 3?
1
What is the remainder when 16193512 is divided by 490?
482
Calculate the remainder when 4408090 is divided by 12.
10
Calculate the remainder when 356639 is divided by 777.
773
Calculate the remainder when 773739 is divided by 25791.
9
Calculate the remainder when 1597 is divided by 127.
73
What is the remainder when 25689571 is divided by 39?
37
What is the remainder when 530512 is divided by 810?
772
Calculate the remainder when 49474 is divided by 49367.
107
Calculate the remainder when 713639 is divided by 11.
3
What is the remainder when 393117 is divided by 968?
109
Calculate the remainder when 638735 is divided by 66.
53
Calculate the remainder when 14310 is divided by 13727.
583
What is the remainder when 296840863 is divided by 996?
991
Calculate the remainder when 759321 is divided by 1274.
17
What is the remainder when 207344 is divided by 15935?
189
Calculate the remainder when 26078522 is divided by 5.
2
What is the remainder when 2165581 is divided by 1082790?
1
Calculate the remainder when 99248 is divided by 19793.
283
What is the remainder when 113803 is divided by 8026?
1439
What is the remainder when 249508 is divided by 49588?
1568
What is the remainder when 687916 is divided by 687306?
610
Calculate the remainder when 7229669 is divided by 14431.
14169
Calculate the remainder when 8395055 is divided by 33715.
20
Calculate the remainder when 8198 is divided by 2764.
2670
Calculate the remainder when 38288 is divided by 3711.
1178
What is the remainder when 128173389 is divided by 48?
45
Calculate the remainder when 28035059 is divided by 74.
11
What is the remainder when 3889555 is divided by 7794?
349
Calculate the remainder when 1161027338 is divided by 267.
266
Calculate the remainder when 5906646 is divided by 1968865.
51
What is the remainder when 589505 is divided by 1179?
5
Calculate the remainder when 1945494 is divided by 3891.
3885
What is the remainder when 189026 is divided by 94129?
768
Calculate the remainder when 1174350 is divided by 21745.
120
What is the remainder when 655818 is divided by 327907?
4
What is the remainder when 30563737 is divided by 1217?
1216
Calculate the remainder when 47385635 is divided by 2.
1
Calculate the remainder when 857292996 is divided by 16252.
16248
Calculate the remainder when 1265179 is divided by 22195.
64
Calculate the remainder when 1317155 is divided by 438187.
2594
What is the remainder when 6117827 is divided by 708?
707
Calculate the remainder when 290803971 is divided by 145401984.
3
Calculate the remainder when 183673220 is divided by 2081.
2079
What is the remainder when 9716926 is divided by 8?
6
What is the remainder when 278615182 is divided by 1201?
1197
What is the remainder when 685940 is divided by 228362?
854
Calculate the remainder when 2331603 is divided by 309.
198
Calculate the remainder when 156662 is divided by 78171.
320
What is the remainder when 23348959 is divided by 160?
159
What is the remainder when 21834273 is divided by 3639045?
3
What is the remainder when 151156 is divided by 11606?
278
What is the remainder when 6770187 is divided by 7872?
267
What is the remainder when 104770799 is divided by 759?
716
Calculate the remainder when 914750 is divided by 16.
14
What is the remainder when 2172346 is divided by 81?
7
What is the remainder when 7851715 is divided by 16?
3
Calculate the remainder when 236470108 is divided by 4016.
4012
What is the remainder when 4745037 is divided by 37659?
3
What is the remainder when 74349 is divided by 1304?
21
What is the remainder when 6852548 is divided by 1187?
1184
Calculate the remainder when 882380 is divided by 106.
36
What is the remainder when 5126067 is divided by 1958?
23
Calculate the remainder when 1330763 is divided by 158.
87
What is the remainder when 4143 is divided by 396?
183
What is the remainder when 1187628 is divided by 53?
4
Calculate the remainder when 21949197 is divided by 402.
399
Calculate the remainder when 1152899 is divided by 288221.
15
Calculate the remainder when 18441421 is divided by 15.
1
What is the remainder when 5691367 is divided by 225?
217
What is the remainder when 28947 is divided by 129?
51
Calculate the remainder when 572111 is divided by 392.
183
What is the remainder when 4820592 is divided by 281?
37
What is the remainder when 112513 is divided by 399?
394
Calculate the remainder when 321494 is divided by 35696.
230
What is the remainder when 7387126 is divided by 150?
76
Calculate the remainder when 4936889 is divided by 2468417.
55
Calculate the remainder when 24284270 is divided by 761.
760
Calculate the remainder when 157660897 is divided by 6533.
8
What is the remainder when 213416 is divided by 814?
148
Calculate the remainder when 20497380 is divided by 126527.
6
Calculate the remainder when 81614 is divided by 1923.
848
What is the remainder when 2844366 is divided by 135438?
168
What is the remainder when 1514721 is divided by 3300?
21
Calculate the remainder when 7516747 is divided by 3758370.
7
Calculate the remainder when 4699568 is divided by 29557.
5
What is the remainder when 132410 is divided by 32595?
2030
What is the remainder when 4445852 is divided by 263?
100
What is the remainder when 4615993 is divided by 100?
93
What is the remainder when 38229 is divided by 3749?
739
Calculate the remainder when 74383555 is divided by 10.
5
Calculate the remainder when 12291653 is divided by 6145700.
253
What is the remainder when 457528 is divided by 1939?
1863
Calculate the remainder when 4061767 is divided by 3335.
3072
Calculate the remainder when 1202458 is divided by 6680.
58
What is the remainder when 504633 is divided by 2970?
2703
Calculate the remainder when 26228943 is divided by 1151.
1106
What is the remainder when 511301672 is divided by 459?
458
What is the remainder when 10942087 is divided by 1476?
499
Calculate the remainder when 32